me?
True
Suppose d + 13 = -5*x, -2*d + 7 = -0*x - x. Let l be 37/(-3*x/9). Suppose 3*c - 205 = r, 3*r - l = -c + 18. Is c a composite number?
False
Suppose n + 120 = 5*k - 98, -2*k - 4*n = -96. Suppose -k + 9 = -b. Is b composite?
True
Let w(o) = -3*o + 3449. Is w(0) a prime number?
True
Let w be ((-2)/4)/((-4)/24). Is w/(498/(-501) + 1) a prime number?
False
Let v = 15 + -10. Let c(a) = -a**3 + 4*a**2 + 3*a. Let f be c(v). Is 26/10 - 4/f a composite number?
False
Let o = 3 - -2. Suppose 11 = -o*g - 9. Let k(q) = q**3 + 7*q**2 + 7*q + 6. Is k(g) a prime number?
False
Let b(w) = -w**3 + w + 2. Let q be b(0). Is (-1)/(q - 1678/838) composite?
False
Suppose -35 = -5*c - 2*p, 4*c + 3*p = 16 + 19. Let a(l) = 15*l + 4. Is a(c) composite?
False
Let t(a) = -9*a - 2*a - 11*a. Is t(-1) composite?
True
Let c(b) = -b**2 - 2. Suppose 2 = -2*s + s. Let p be c(s). Is ((-3)/p)/(1/106) a composite number?
False
Let r(c) = -c + 8. Let f be r(4). Let g(s) = 55*s**2 + 2*s - 1. Is g(f) prime?
True
Let j be ((-1)/3)/((-6)/54). Suppose -3 = j*p - 12. Is (-3)/1 - (-30)/p a composite number?
False
Let x be 242/3*18/12. Let z = x - -90. Is z prime?
True
Let a = 1152 + -503. Is a prime?
False
Let l(y) = -y**3 + y**2 + y - 2. Let w be l(2). Is (-477)/(-6)*w/(-2) composite?
True
Let z(j) = 16*j + 2. Let u(w) = w**2 - 5*w - 9. Let b be u(7). Is z(b) composite?
True
Suppose -5 = 3*m - 4*y, 5*m = 3*m + y. Is (m/(-2))/(2/(-52)) a prime number?
True
Let s be (-1)/3 - 10/(-3). Let n = 53 + -41. Suppose n + 21 = s*q. Is q a composite number?
False
Let o(s) = -35*s**3 - 3*s**2 + 3*s - 2. Is o(-3) a prime number?
True
Let q = 5 + -5. Suppose 3*u - 4*f - 13 - 5 = q, 0 = 3*u + 2*f. Suppose b + 6 = u*b. Is b composite?
True
Suppose 0*g = 2*g. Suppose g = 5*u - 2*u - 12. Suppose 2*c = -s + 85, -u*s - 4*c - 95 = -419. Is s a prime number?
False
Let q(a) = -a**2 - 6*a + 3. Let u be q(-6). Suppose -u*o + 8 = o. Is o composite?
False
Let b(k) = -936*k + 47. Is b(-6) a prime number?
False
Suppose -160 = 6*m - 4*m. Let p = 5 - m. Is p a prime number?
False
Let n(m) = 10*m**2 - 5*m + 3. Is n(4) a prime number?
False
Let m = -170 + 21. Let w = -99 - m. Suppose 0 = l + 4*l - w. Is l a composite number?
True
Suppose 3*k - i = 1651, -2*k - k - 2*i + 1657 = 0. Is k a prime number?
False
Is 5 + -4 + (0 - -628) composite?
True
Suppose -2*z = -5*z + 24. Let i = z - 3. Suppose 3*x = 25 + i. Is x prime?
False
Let z(x) = 3 - x - 3 + 3*x**2 + 0. Let o = -1 + 3. Is z(o) a composite number?
True
Suppose -5*m + 3*g + 8715 = 533, 1 = g. Is m a prime number?
True
Suppose 4*r - 848 = -5*x, -1 - 11 = 3*x. Is r a composite number?
True
Let s(u) = -5*u**2 - u + 2. Let x be s(-2). Let j = 49 + x. Is j a prime number?
False
Let j = 443 - 190. Is j prime?
False
Let q(s) = -s**2 + 25*s - 11. Is q(12) composite?
True
Let y be 2/((-18)/(-51))*-3. Let r = y + 24. Let p = 28 + r. Is p prime?
False
Suppose -c = -0*c - 19. Is c a composite number?
False
Suppose -5*q = -j - 1109, -4*j = -5*q - 5*j + 1101. Is q prime?
False
Is (-173)/(-2) + 1/2 a composite number?
True
Let c = -2429 - -3532. Is c prime?
True
Let r(s) = 44*s + 39. Is r(16) composite?
False
Let g(u) = 12*u**3 + 4*u**2 - 3*u - 7. Let k(y) = -13*y**3 - 4*y**2 + 3*y + 8. Let a(i) = -7*g(i) - 6*k(i). Is a(-4) prime?
False
Suppose 327 + 82 = q. Is q a prime number?
True
Is (10/4)/(1/2) - 2 composite?
False
Suppose -4*k + 159 = -k - 5*h, k = -3*h + 53. Is k a prime number?
True
Let u be (-9)/36 - 54/8. Let v(b) = -15*b + 4. Is v(u) composite?
False
Let c(y) = -26*y**2 - y + 2. Let j(s) = 53*s**2 + 3*s - 5. Let z(o) = -5*c(o) - 2*j(o). Is z(1) prime?
True
Suppose 4*n = -o + 29, 4*o + n - 86 = -0*n. Is o prime?
False
Let f(r) = r - 2. Let p be f(-3). Let c(a) = 8*a**2 + 4*a - 3. Let g be c(p). Let k = 254 - g. Is k composite?
True
Suppose 2*p - 4*l - 46 = -16, -l - 25 = -3*p. Suppose -5*a + p*n = 2*n - 105, 0 = 2*n - 8. Is a a prime number?
False
Suppose -2*x + 18 = 3*z - 5, 2*z - 30 = -5*x. Suppose -62 = z*f - 312. Suppose -3*o + 80 = 5*h - f, 4*h = -2*o + 90. Is o composite?
True
Suppose -2*v - v + 12 = 0. Let s(o) = o - 1. Let t be s(v). Suppose -5*i - 3*x = -41, -4*i - 4*x + 15 = -t*i. Is i composite?
False
Let h(w) be the second derivative of w**3/3 - w**2 - 3*w. Let f be h(2). Is (2 + -4)*(-51)/f composite?
True
Let u(b) = -3*b. Let o be u(2). Let a be 1/2 - o/(-4). Is 8/(2 - (a + 1)) a prime number?
False
Suppose -2*y + y - 7 = 0. Let j be (-2)/y - 2441/(-7). Let m = j - 62. Is m a prime number?
False
Let v(g) = -35*g - 1. Is v(-1) a prime number?
False
Let h(g) = 42*g + 1. Is h(8) a prime number?
True
Let n = -4 + 7. Suppose n*w = -0*w + 150. Let r = w - 15. Is r prime?
False
Let q be -480 - (3/1 + 0). Let p = q + 869. Is p a composite number?
True
Suppose 5*z - 25 = -0*z. Suppose 3*n - 2*m - m = 126, 0 = n - z*m - 54. Is n a composite number?
True
Suppose 170 + 234 = 2*d. Suppose 3*z = 221 + d. Is z a composite number?
True
Let s(z) = -z + 6. Let m be s(4). Suppose -212 = -3*i + 2*i + 3*u, -5*u - 425 = -m*i. Is i prime?
False
Suppose -3*u + 552 + 1302 = 3*w, 5*w = -25. Suppose -u = -m - 2*k, 6*k - 2*k - 1877 = -3*m. Is m a composite number?
False
Suppose 0 = 2*o + 2*o + 4*c - 11732, 5*o = 3*c + 14681. Is o prime?
False
Suppose 3*f - 10 = -2*f. Suppose 7*j - f*j = 170. Is j a prime number?
False
Suppose 3*d = 8*d + 100. Let f = d + 34. Is f a prime number?
False
Let s = 937 - 654. Let b(x) = 67*x + 1. Let i be b(-3). Let p = s + i. Is p prime?
True
Suppose -4*n + 4*m + 815 - 51 = 0, 0 = -3*n - m + 589. Suppose -2*j + t - 179 + 583 = 0, j = 4*t + n. Is j a composite number?
True
Let u(d) = -d**3 + 2*d**2 + 2. Let y be u(2). Is 1/y + (-2198)/(-28) a prime number?
True
Let u = 9 + 20. Let w = u - 10. Suppose -5*x - w = -0*p - p, -5*x = 0. Is p prime?
True
Let i(m) = m**3 - 2*m**2 + 8*m + 4. Let p = 22 - 16. Let l be i(p). Suppose -2*s = 2*s - l. Is s a composite number?
True
Let m(w) = w + 14. Suppose -2*i + 11 = 5*f, -i - 3 = 3*i + 5*f. Is m(i) prime?
True
Suppose 0 = -3*x + 2162 + 2233. Is x prime?
False
Let c(y) = y - 4. Suppose -11 - 21 = -4*n. Let w be c(n). Suppose w*k = 88 - 12. Is k composite?
False
Let a(l) = 2*l - 10. Let s be a(11). Let q = s - 9. Suppose q*z = -0*z + 291. Is z composite?
False
Let n(w) = -w**3 - 2*w**2 + 4*w - 5. Let p = 2 + -6. Is n(p) prime?
True
Suppose j - 1 + 3 = 0. Is (-2 - -1)/j*166 composite?
False
Let j(n) = 2*n**2 + 7*n - 8. Let y be j(-7). Suppose -y = -m + 12. Is m prime?
True
Let y be 2/8 + 1863/(-12). Let r = 349 + y. Is r prime?
False
Let h(g) be the third derivative of 29*g**6/60 + g**5/30 - g**4/24 + 3*g**2. Is h(1) prime?
True
Let a be (10/3)/(8/12). Suppose -a*o + 3*q + 4 = -10, 5*o - q = 18. Is (-6)/o*188/(-6) a prime number?
True
Is 1477/(1/((-4)/(-2) - 1)) a composite number?
True
Suppose 5*g = -2*w + 25 - 74, 2*g = 3*w + 102. Let j = -17 - w. Is j prime?
False
Suppose -3*h = -5*m + 3*m + 1804, -h = 3*m + 583. Let q = 855 + h. Is q composite?
False
Let j = -157 + 368. Is j prime?
True
Let p(w) = w**2 + 3*w + 2. Let c be p(-3). Suppose 0 = -4*f - j + 319, -2*f + 0*f + 152 = -c*j. Is f composite?
False
Let l(m) = -9*m - 20. Is l(-6) a composite number?
True
Let s be -9*(2 - 16/6). Let d = -10 + s. Is (-2)/(-3)*(-894)/d composite?
False
Suppose 0*u = 4*u - 16. Suppose -7*s + 50 = -4*s - u*x, 3*x = s - 20. Is s a prime number?
False
Suppose -w + 0*w + 1262 = 3*o, 5*w = 4*o + 6291. Is w prime?
True
Suppose -4*h - 280 = -4*d, 3*h - 136 = -2*d + h. Is d prime?
False
Let w = 15 - 12. Suppose 2*u + u + 5*x - 159 = 0, 2*u - 106 = w*x. Is u a composite number?
False
Suppose 4*b = y + 5 + 3, -3*b = -y - 7. Is 0 + y/(4/(-85)) prime?
False
Is 8/(-56) + 2670/21 a composite number?
False
Suppose 23 = d - 24. Is d composite?
False
Suppose -73 = -4*m + 99. Is m composite?
False
Let g be (-1)/(13/(-12) - -1). Is g - (-1 + 0) - -1 a composite number?
True
Suppose -3*w = 5*o - 17, 2*w + 4*o - 6*o = -10. Suppose 0 = -3*m - 6 - 9. Is w + 50 + 2 + m a prime number?
False
Let v(i) = i**3 - 3*i - i - 5*i**2 - 2*i + 7. Let r be (-2)/((-40)/12 + 3). Is v(r) a composite number?
False
Suppose -4*y = 2*k - 6164, -2*y - k + 3094 = -3*k. Is y a prime number?
True
Let x = -56 + 14. Let p = x - -349. Is p composite?
False
Suppose 19*o - 6*o 